False
Is 3009689 composite?
False
Is 1750954 a composite number?
True
Is 90671995 a prime number?
False
Is 1560877 a prime number?
True
Is 61298086 composite?
True
Is 8588049 composite?
True
Is 10259257 a prime number?
True
Is 357774077 a prime number?
False
Is 1279451 a prime number?
False
Is 25823845 a prime number?
False
Is 2231027 a composite number?
False
Is 13494563 a composite number?
False
Is 5258447 a composite number?
False
Is 2110459 a prime number?
False
Is 157653371 a composite number?
False
Is 36428101 a prime number?
False
Is 45896591 prime?
False
Is 273831563 a composite number?
True
Is 1366881 composite?
True
Is 3192493 composite?
True
Is 180748177 composite?
True
Is 5093731 a prime number?
True
Is 10635503 composite?
False
Is 5372413 prime?
True
Is 1209572449 a composite number?
False
Is 16874327 a prime number?
True
Is 4799299 a prime number?
True
Is 93962849 prime?
True
Is 41101523 composite?
True
Is 3597229 prime?
False
Is 49567213 composite?
False
Is 4141133 a composite number?
False
Is 3113323 a prime number?
False
Is 253891117 a prime number?
False
Is 720955789 a composite number?
False
Is 105964123 composite?
True
Is 2107247 a prime number?
True
Is 66608497 prime?
True
Is 1943693 composite?
False
Is 253852135 a composite number?
True
Is 797843 a composite number?
True
Is 7026193 a composite number?
True
Is 488329 a prime number?
True
Is 152625377 composite?
False
Is 3717827 prime?
False
Is 92220367 prime?
True
Is 7414627 composite?
True
Is 34920377 a composite number?
True
Is 138533173 a prime number?
True
Is 43746929 a composite number?
True
Is 427056013 composite?
True
Is 7725937 prime?
True
Is 23630743 composite?
True
Is 658543 a composite number?
True
Is 169368119 a prime number?
False
Is 25382793 prime?
False
Is 2814103 a prime number?
True
Is 14484383 prime?
True
Is 810003 composite?
True
Is 15197263 a composite number?
False
Is 8398895 composite?
True
Is 4224229 composite?
False
Is 426353 composite?
False
Is 2496583 a composite number?
True
Is 310933733 a composite number?
True
Is 2994097 a prime number?
True
Is 2373821 composite?
False
Is 108981401 a prime number?
True
Is 90779519 composite?
False
Is 11123599 a composite number?
False
Is 12453407 prime?
False
Is 1013777 a composite number?
True
Is 6093053 a composite number?
True
Is 94423457 a composite number?
True
Is 273363527 composite?
True
Is 4613143 a prime number?
False
Is 824229143 a composite number?
False
Is 3264887 a composite number?
False
Is 14700029 a prime number?
True
Is 417345205 a prime number?
False
Is 202240267 prime?
True
Is 2893617503 a composite number?
True
Is 917801 composite?
True
Is 686890939 a composite number?
True
Is 16609921 a prime number?
True
Is 38679967 composite?
True
Is 47039719 prime?
False
Is 15322357 a prime number?
True
Is 1480277 a composite number?
False
Is 89224033 a prime number?
False
Is 304102283 prime?
True
Is 5422309 a prime number?
False
Is 1329457 composite?
False
Is 16238303 a composite number?
False
Is 20917795 prime?
False
Is 130334329 composite?
False
Is 3884389 prime?
True
Is 8905321 prime?
True
Is 2374997 composite?
False
Is 1536521 composite?
True
Is 1401216719 a prime number?
False
Is 526408511 a composite number?
False
Is 16068131 a prime number?
True
Is 84083839 a composite number?
True
Is 1329023 a composite number?
True
Is 1137229 prime?
True
Is 11356361 a composite number?
True
Is 2560837 composite?
False
Is 4468403 prime?
False
Is 219718721 composite?
False
Is 6236137 a prime number?
True
Is 66319067 prime?
True
Is 980371 prime?
False
Is 2494309 composite?
True
Is 83018669 composite?
False
Is 4986233 a prime number?
False
Is 54261223 composite?
True
Is 4969481 a composite number?
True
Is 23500951 prime?
True
Is 733511 composite?
False
Is 112153 composite?
False
Is 155426969 a prime number?
False
Is 2646937 composite?
False
Is 8057783 a prime number?
False
Is 61885319 a prime number?
True
Is 293005 composite?
True
Is 10167589 composite?
False
Is 57229113 a composite number?
True
Is 8905903 a composite number?
False
Is 59666401 prime?
False
Is 1375931 composite?
True
Is 3286061 prime?
False
Is 35041727 a prime number?
False
Is 256217 prime?
False
Is 75181663 a prime number?
True
Is 80100829 prime?
True
Is 61744805 prime?
False
Is 37470631 composite?
True
Is 7771853 prime?
False
Is 1131077 a prime number?
True
Is 293287 prime?
False
Is 126584459 a composite number?
False
Is 67439671 a prime number?
False
Is 1327433 composite?
True
Is 572745269 a prime number?
True
Is 113686 prime?
False
Is 2911043 composite?
False
Is 8530619 prime?
True
Is 94556857 a prime number?
True
Is 27149747 prime?
True
Is 10552639 a composite number?
True
Is 80677771 a prime number?
False
Is 9318449 a prime number?
False
Is 1518479 a prime number?
False
Is 2788889 a composite number?
False
Is 2006553 composite?
True
Is 8737627 prime?
True
Is 1829273 prime?
False
Is 46741 prime?
False
Is 231416959 a prime number?
True
Is 4070587 composite?
True
Is 2163065 composite?
True
Is 3841003 a composite number?
True
Is 2603803 composite?
True
Is 87142043 composite?
False
Is 111684311 a prime number?
True
Is 5382673 a composite number?
False
Is 15074099 composite?
False
Is 6322163 a prime number?
True
Is 627606337 a composite number?
True
Is 24667417 prime?
True
Is 1080029 composite?
False
Is 375763 prime?
False
Is 404233 a composite number?
True
Is 589692349 prime?
False
Is 4592339 a prime number?
True
Is 124640485 composite?
True
Is 21888149 composite?
True
Is 234479495 a prime number?
False
Is 48402803 a prime number?
True
Is 13542491 a prime number?
True
Is 298691219 a prime number?
True
Is 17712551 a composite number?
False
Is 4338331 a composite number?
False
Is 27011581 composite?
False
Is 69812227 composite?
True
Is 60669149 a composite number?
False
Is 130703 composite?
True
Is 21410923 composite?
True
Is 28849883 a prime number?
True
Is 5877103 a prime number?
True
Is 165161 prime?
True
Is 683959 composite?
True
Is 20355167 a prime number?
False
Is 25406714 a prime number?
False
Is 16118155 prime?
False
Is 46674391 a prime number?
True
Is 21441977 a prime number?
False
Is 31966723 composite?
True
Is 35029 a prime number?
False
Is 53267587 a prime number?
True
Is 100654069 a composite number?
False
Is 12960121 a composite number?
True
Is 11179381 a composite number?
True
Is 1541807 composite?
True
Is 12375697 composite?
False
Is 9684113 composite?
True
Is 34791511 composite?
True
Is 5407897 a composite number?
True
Is 552157457 prime?
False
Is 18971759 composite?
False
Is 86329949 a composite number?
False
Is 1050949 prime?
True
Is 3710537 a composite number?
True
Is 103628167 a prime number?
True
Is 310013701 a prime number?
True
Is 8082107 composite?
True
Is 23736767 a prime number?
True
Is 2475903 a composite number?
True
Is 2378111 a prime number?
True
Is 5601833 composite?
False
Is 20595431 prime?
False
Is 13570793 prime?
True
Is 4119686 a composite number?
True
Is 242406859 a prime number?
False
Is 3872509 a prime number?
False
Is 1166549 composite?
False
Is 132602467 a composite number?
True
Is 742891 a composite number?
False
Is 73150457 prime?
False
Is 69793807 composite?
True
Is 216442741 prime?
True
Is 4289069 composite?
True
Is 7838723 a prime number?
True
Is 7509611 composite?
False
Is 691307 a composite number?
True
Is 302597551 prime?
False
Is 66331 a composite number?
True
Is 30620333 composite?
True
Is 51599521 a composite number?
True
Is 155767969 a composite number?
True
Is 4846771 prime?
True
Is 16875857 composite?
True
Is 13976717 prime?
True
Is 3943801 a prime number?
False
Is 19758383 composite?
True
Is 205575511 prime?
True
Is 18153827 a prime number?
True
Is 16282261 a composite number?
False
Is 225443429 a composite number?
False
Is 2002151 prime?
True
Is 95377517 a composite number?
False
Is 182439473 a prime number?
False
Is 22629463 composite?
True
Is 5363209 a composite number?
True
Is 11819479 a prime number?
False
Is 185073409 prime?
True
Is 833191 a prime number?
True
Is 40345579 a composite number?
False
Is 1229257 a composite number?
False
Is 4532153 composite?
False
Is 21305363 composite?
True
Is 50137319 composite?
False
Is 29124163 a prime number?
False
Is 10989013 composite?
True
Is 333